y 7.
5
Suppose -3*v = -4*l - 30, 0 = -v - 0*v - l + 3. What is the remainder when v is divided by 3?
0
Suppose 0 = -8*i + 3*i + 190. Let f(d) be the first derivative of -d**4/4 + 4*d**3/3 + 3*d**2 + 5*d + 3. Calculate the remainder when i is divided by f(5).
8
Suppose -8*q + 353 = -415. Calculate the remainder when q is divided by 11.
8
Let h(v) = 11*v + 15. What is the remainder when 147 is divided by h(2)?
36
Let j(f) = -4*f - 8. Let l = -1 - 4. Calculate the remainder when 33 is divided by j(l).
9
Suppose -4*x + 21 = 2*z - 3*z, z = -3*x - 21. Let l = -10 - z. Calculate the remainder when l is divided by 6.
5
Let v(d) be the first derivative of d**4/4 - 2*d**3 - 2*d**2 - 2*d + 1. Let u be v(7). Let s = u - 4. What is the remainder when 44 is divided by s?
14
Let w = 4 + -1. Suppose 0 = -p - 5*g + g + 16, 0 = -w*g. Calculate the remainder when 63 is divided by p.
15
Suppose -s + 2*h + 7 = -0*s, -3*h = -2*s + 18. What is the remainder when 26 is divided by s?
11
Let q(t) = -t**3 + 7*t**2 - 4*t - 8. Let i be q(6). Suppose -4*n - 6 = 2*k, 2*n + 6 = i*n + 4*k. Calculate the remainder when 2/n + 71/3 is divided by 6.
5
Let v = -24 + 42. Suppose 2*w + 2*h = 53 + 19, h - 172 = -5*w. What is the remainder when w is divided by v?
16
Suppose 4*g + 63 = 203. What is the remainder when g is divided by ((-1)/2)/((-1)/24)?
11
Calculate the remainder when (-360)/(-14) - (-4)/14 is divided by 4/10 - (-68)/5.
12
Let z = 58 + -100. Let q = z - -85. What is the remainder when q is divided by 15?
13
Suppose 4*j - 28 = 48. What is the remainder when j is divided by 5?
4
Suppose -12 = -4*o - 0. Suppose -6 + o = -j. Suppose j*q + 51 = 3*d, 3*d + q - 39 = -0*q. What is the remainder when 40 is divided by d?
12
Let g = 6 - 1. Suppose -3*n + 111 = -5*u, 90 = 5*n + g*u - 55. Let l(q) = -q**3 - q**2 + 2*q - 1. What is the remainder when n is divided by l(-3)?
10
Suppose -5*h + 64 = x, -2*h - 2*x + 32 = 8. Calculate the remainder when 28 - 1 - (-12)/(-4) is divided by h.
11
Let o(d) = d**3 - 10*d**2 + 9*d + 7. What is the remainder when o(9) is divided by 4?
3
Let l(r) = 21*r + 6. Calculate the remainder when l(7) is divided by 31.
29
Suppose -5*g = -8*g + 72. What is the remainder when g is divided by 5?
4
What is the remainder when 15 is divided by (-300)/(-45) + (-2)/3?
3
Let s = 122 + -68. Calculate the remainder when s is divided by 16.
6
Let c(v) = 6*v - 1. Calculate the remainder when c(2) is divided by 7.
4
Let r(h) = -h + 7. Let j = -118 + 169. What is the remainder when j is divided by r(-6)?
12
Suppose -139 = -4*f + 41. Calculate the remainder when f is divided by 23.
22
Let d(j) = -2*j**3 - 23*j**2 - 16*j + 3. What is the remainder when d(-11) is divided by 11?
3
Suppose 17*f = 54 + 388. Calculate the remainder when f is divided by 7.
5
Let k(n) = 0*n - 9 + 3 - n. Suppose 0 = 2*c - 3*b + 13, 0*c - 3*c - 12 = -3*b. Calculate the remainder when k(-7) is divided by c.
0
Let s = -8 - -5. Let u = s + 5. Suppose 12 = u*i - 3*m, 6*i - 49 = i - 2*m. Calculate the remainder when 25 is divided by i.
7
Let y = 0 - 7. Let i = 12 - y. Suppose -b - 3*z + 19 = 0, 25 = b + 2*z + 3*z. What is the remainder when i is divided by b?
9
Suppose -2*n = n - 30. Suppose -3*z - 37 + n = -3*y, 5*y = -5*z + 15. What is the remainder when 10 is divided by y?
4
Let y(s) = 2*s - 9. Let r be y(6). Suppose r*b - 10 = -1. What is the remainder when 7 is divided by b?
1
Suppose 10*s - 940 = 5*s. What is the remainder when s is divided by 48?
44
Let x = -98 + 142. Calculate the remainder when 173 is divided by x.
41
Let r = 11 + -4. Let j(b) = -5*b - 1. Calculate the remainder when j(-4) is divided by r.
5
Let o(l) = 11*l - 1. Let n be (3/(-6))/(1/(-2)). Let t(p) = 3*p + 6. What is the remainder when t(7) is divided by o(n)?
7
Let x = -60 - -105. Calculate the remainder when 87 is divided by x.
42
Let b be (6 - (-2 - -3)) + -2. Suppose 6 = -b*t, 3*l + 2*t - 21 = 8. Suppose 4*q = 2*q + 42. What is the remainder when q is divided by l?
10
Suppose d + 1 = 6. Suppose 170 = -0*v + d*v. What is the remainder when 67 is divided by v?
33
Suppose -6*x + 151 = 37. What is the remainder when 36 is divided by x?
17
Let d(z) = 7*z**2 + 7*z + 6. What is the remainder when d(-2) is divided by 11?
9
Let m(d) = -7*d - 10. What is the remainder when m(-8) is divided by 16?
14
Suppose 0 = -4*z - 4 - 16, -4*n + 62 = -2*z. What is the remainder when 23 is divided by n?
10
Let a = 15 - 11. Suppose a = -0*l + l. Suppose -l*b - 2*f + 34 = 0, 4 = 2*f + 6. Calculate the remainder when 17 is divided by b.
8
Suppose 0 = -2*y - 0*y - 5*u + 62, 5*y - 85 = 5*u. Calculate the remainder when y is divided by 6.
3
Let u be (-3)/(-9) - 13/3. Let l = u + 7. Suppose 0 = 5*t + 3*c - 18, -t - 3*c - l + 9 = 0. What is the remainder when 5 is divided by t?
2
Suppose -3*o + 95 = 2*o. What is the remainder when 72 is divided by o?
15
Suppose -2*u - 12 = -4*l + 98, -3*u = -3*l + 81. Let w = 81 - l. Let d(s) = 2*s**2 - 6*s - 2. What is the remainder when w is divided by d(5)?
17
Suppose -3*o + c - 20 = 0, 0*c - 2*c = -5*o - 32. Calculate the remainder when 22 is divided by (-8)/32 - 106/o.
9
Let n(s) = 2*s**2 - 11*s + 14. Let o(c) = 5*c - 3. Calculate the remainder when n(7) is divided by o(3).
11
Suppose a + 11 = 76. What is the remainder when a is divided by (-3)/1*(-88)/12?
21
Let k(z) = -6*z + 14. What is the remainder when k(-8) is divided by 9?
8
Let r(h) = -19*h + 4. Let k be r(4). Let g = -43 - k. What is the remainder when g is divided by 10?
9
Let m(o) = o**3 + 8*o**2 + 10. Let v be m(-7). Suppose -51 = -5*y + v. Calculate the remainder when y is divided by -6*(2/1)/(-1).
10
Let y(h) = -19*h**2 - 4*h + 1. Let b(z) = -20*z**2 - 3*z + 1. Let u(g) = -3*b(g) + 2*y(g). Calculate the remainder when 79 is divided by u(-1).
19
Suppose 0 = 3*y - 6*y. Let o be (y + -2)*(-7 + 3). Let h = -5 + o. Calculate the remainder when 4 is divided by h.
1
Suppose 2 = -2*k, 4*j = 2*j - k + 3. Let x be j/5 + 174/(-10). Let w = x - -29. What is the remainder when w is divided by 7?
5
Let l(m) = -m**2 + 10*m - 7. Let n = 9 + -4. What is the remainder when n is divided by l(9)?
1
Suppose 3*c = -1 + 55. Let k be 4/c - 100/(-36). Suppose 0 = -k*t - 3*r + 42, -5*t + t - r + 59 = 0. What is the remainder when 43 is divided by t?
13
Let k(s) = -2*s - 10. Let n be k(-6). Let j(t) = 3*t**3 - 3*t**2 + 1. What is the remainder when 51 is divided by j(n)?
12
Let h be (1*-1)/(3 + -2). Let j be (5 + -3 + -3)/h. Suppose -3*k + a + 8 = j, 4*k - 5 = -3*a. Calculate the remainder when 2 is divided by k.
0
Suppose -3*w + w + 4 = 0. Calculate the remainder when w is divided by 2/1 + (-2 - -2).
0
Let k be 3*(-2)/(-12)*0. Let y be k/3 - (-2 - 0). What is the remainder when 32 is divided by (99/6)/3*y?
10
Suppose 6 + 30 = 4*z. Let j = 11 - z. Calculate the remainder when 4 is divided by j.
0
Let y(d) = -d + 22. What is the remainder when y(5) is divided by 13?
4
Suppose 0 = -l - 2*s + 68, -l + 29 = -3*s - 24. Let m(x) = 22*x - 1. What is the remainder when l is divided by m(1)?
20
Let r(p) = -p**2 - 9*p - 9. Let b be r(-7). Suppose b*j - 85 = -0*j. Suppose 26 = m - 23. What is the remainder when m is divided by j?
15
Suppose u - 5*p - 10 = -u, 3*u + 2*p + 4 = 0. Suppose 0 = -u*g - 3*g. Let o = g - -16. What is the remainder when 46 is divided by o?
14
Calculate the remainder when (-17370)/(-189) + 2/21 is divided by 29.
5
Let h = -13 + 14. Let u = h + 13. Calculate the remainder when 39 is divided by u.
11
Let w be -3*(7/3 + -3). Suppose 0 = 2*k - 10, 0 = -x + w*k + k - 14. Calculate the remainder when x is divided by 1.
0
Let b be (-3)/((2/(-2))/1). Suppose 0 = 2*q + u - 82, 44 - 167 = -3*q - b*u. What is the remainder when q is divided by 11?
8
Let i(a) = 2*a - 1. Calculate the remainder when i(2) is divided by 2.
1
Let q = 12 + -1. Calculate the remainder when 32 is divided by q.
10
Suppose 5*i - 41 = -246. Let z = 71 + i. What is the remainder when z is divided by 16?
14
What is the remainder when 3 is divided by 2 + 1 - 2 - 0?
0
Suppose 0 = 5*d + 14 - 29. Calculate the remainder when 13 is divided by d.
1
Let i = 10 + -3. What is the remainder when i is divided by 5?
2
Suppose -14 = -3*s + 37. Let z = s - 6. Calculate the remainder when 21 is divided by z.
10
Let x(t